are the prime factors of k?
2, 7, 383
Let k be ((-72)/(-20))/(0 - (-6)/20). Suppose -13*r = -16*r - k. Let n(d) = -3*d**3 - 8*d**2 + 2*d - 5. List the prime factors of n(r).
3, 17
Let t = 5 - 35. Let n = t + 34. Suppose -5*a = 3*z - 418, n*a - 2*a - 5*z = 161. What are the prime factors of a?
83
Suppose -17*l + 50 = -12*l. What are the prime factors of (l*15/9)/((-6)/(-45))?
5
Suppose -7*f = 4*f - 132215 + 18662. What are the prime factors of f?
3, 31, 37
Let r = 2 - 7. Let c(a) = -a**3 - 3*a**2 + 9*a + 4. Let p be c(r). Suppose 5*z + 200 = p*z. List the prime factors of z.
2, 5
Let f = 13715 + -6125. List the prime factors of f.
2, 3, 5, 11, 23
Let k(a) = -a**3 + 7*a**2 - 4*a - 1. Let s be k(5). Let b = s - 26. Suppose 0 = d - b*g - 38 - 11, 55 = d - 5*g. What are the prime factors of d?
2, 5
Let r(a) = -3*a + 44 + a + 25. List the prime factors of r(-20).
109
Let l = 45360 + -15005. What are the prime factors of l?
5, 13, 467
Let h(w) = 425*w + 6086. List the prime factors of h(51).
17, 23, 71
Let t = -12835 + 25782. What are the prime factors of t?
11, 107
Suppose -4 = -4*j + 12. Suppose -3*s = j*n - 238 - 1077, 2*s + n = 885. Suppose 5*r + 160 = s. What are the prime factors of r?
3, 19
List the prime factors of -2*(10 + (-305261)/22).
11, 2521
Let c(f) = -5*f**3 - 82*f**2 - 39*f - 23. Let m be c(-16). Suppose 110 = z + z - 3*d, 0 = -z - d + 45. Let k = m - z. List the prime factors of k.
2, 5
Let z be -4 + 5 + -1*40/(-4). Suppose -292 = 7*c - z*c. List the prime factors of c.
73
Suppose 9*p + 214878 = -53*p + 613724. List the prime factors of p.
7, 919
Suppose 0 = 239*t - 241*t + 22. Suppose -2545 - 40 = -t*c. What are the prime factors of c?
5, 47
Let o = -39 - -41. Let y(t) = 3 + 0*t**3 + 3*t + t**3 - 13*t**o + 7*t**2 - 9. List the prime factors of y(7).
2
Suppose -8851999 = -173*d - 1267257 + 1157467. List the prime factors of d.
7, 7219
Suppose 0 = -4*i - 5*p + 88780, 151*i - 149*i + p = 44402. List the prime factors of i.
5, 4441
Suppose -7*h = 8954 + 503. Let t = 1905 + h. What are the prime factors of t?
2, 277
Suppose 287467 + 227437 = 26*d. List the prime factors of d.
2, 4951
Let l be (-4)/(-26) + 540/(-130). Let f = 3 + -7. What are the prime factors of (f/(-8))/(l/(-368))?
2, 23
What are the prime factors of (1 + (-2)/(-80)*4*-14)*-83335?
2, 7, 2381
Let p(r) = -14*r**2 - 4*r + 6. Let x(f) = 12*f**2 + 4*f - 5. Let q(i) = 4*p(i) + 5*x(i). Suppose 6*n = 4*n - 6. What are the prime factors of q(n)?
23
Suppose 66 = -14*a + 40*a - 5056. List the prime factors of a.
197
Let l be 4/(12/(-3))*(12 + 6). What are the prime factors of (88/84*77)/((-1)/l)?
2, 3, 11
Let g(x) = 9*x**2 - 27*x - 134. Let c be g(-7). What are the prime factors of -5 + (-216)/(-32)*c/6?
7, 79
Let h(n) = -n**3 - n**2 + n + 4. Let g be h(0). Let d be (-1)/((13/38)/(-13))*5. Suppose 183 = 3*a + 5*v, -4*v + 54 + d = g*a. What are the prime factors of a?
61
Let d(j) = -3*j**3 - 108*j**2 + 55*j - 1442. What are the prime factors of d(-48)?
2, 7, 43, 131
Suppose 5*c - 460 = 4*u, -3*u + c = 128 + 217. Let k = u + 327. List the prime factors of k.
2, 53
Let v(d) = -13*d**3 - d**2 - 33*d - 3. List the prime factors of v(-6).
3, 23, 43
Suppose 0 = -178*t + 184*t - 24. Suppose 3*y = 3*b + 2883, y - 3*b = -t*b + 961. What are the prime factors of y?
31
Let t(x) be the first derivative of x**4/4 + 4*x**3/3 + x**2 - 4*x + 6. Let y be t(-3). List the prime factors of (-60)/(-2 - y)*(-4)/(-10).
2, 3
Let v(m) = 251*m + 779. What are the prime factors of v(53)?
2, 3, 2347
Let k(d) = 8*d**3 - 8*d**3 - 11*d**3 + 0*d**3 - d**2 + 2*d + 0 + 28. What are the prime factors of k(-4)?
2, 3, 59
Let m(b) = 6146*b**2 - 269*b - 270. List the prime factors of m(-1).
5, 1229
Let d(l) = 1953*l**2 - 351*l - 710. List the prime factors of d(-2).
2, 1951
Suppose -4*t - 3*u - 69 = 0, -2*t + 5*t + 2*u = -51. List the prime factors of 151/(2 + t/9).
3, 151
Suppose -40*v = -39*v - 4. Let c be v/12 - (-1606)/6. Suppose 3*j - c = 11. What are the prime factors of j?
3, 31
Suppose -4*s - 54 = -90, 4*m = 2*s + 101502. What are the prime factors of m?
2, 3, 5, 47
Suppose -58110 = -5*t + 4*l, 3*l = -5*t + 55654 + 2491. What are the prime factors of t?
2, 5813
Let r be 9 + ((-3 - -11) + 1)*-1. Let t = -6 + 11. Suppose r*v = -v + t*j + 1, -33 = -v - 3*j. List the prime factors of v.
3, 7
Let d = 666 - -345. Let q = d - 42. List the prime factors of q.
3, 17, 19
Suppose 18147 = 16*f - 15*f + y, -2*y = -2*f + 36322. List the prime factors of f.
2, 29, 313
Suppose 12 = 4*o, 2*c + 3 = 5*o - 2. Suppose p = 6*p + k - 25, -5*p = c*k - 45. Suppose -p*g + 8*g - 124 = 0. What are the prime factors of g?
31
Let w(s) = -s**2 + 14*s + 76. Let x be w(18). Suppose -x*a - 593 + 5733 = 4*z, 0 = -2*z + 5*a + 2556. List the prime factors of z.
1283
Suppose 3*n - 39 = w - 3*w, 0 = 3*w - n - 75. Suppose w + 40 = 4*u. Suppose -4*x = -h + 110, -6*x = -2*x + u. What are the prime factors of h?
2, 47
Let p(n) = 10*n - 74. Let x(l) = 5*l - 37. Let w(t) = -2*p(t) + 5*x(t). List the prime factors of w(8).
3
Let n(o) = -o**3 + 9*o**2 + 9*o + 13. Let f be n(10). Suppose -3*p - 360 = f*u, 2*u - p + 19 = -233. Let x = -16 - u. List the prime factors of x.
2, 3
Let j(m) = 5 + 5*m - 4*m + 2*m. Let h be j(-1). Suppose h*o + 0*o - 105 = -3*v, 0 = o + v - 51. List the prime factors of o.
2, 3
Let i(u) = 183*u + 16. Let h = 219 + -216. List the prime factors of i(h).
5, 113
Let d(b) = -5*b**3 - 3*b + 1. Let a be d(1). Let t(r) = -r**3 + 4*r - 19. What are the prime factors of t(a)?
2, 37
List the prime factors of 4/10*(9 - 352/33)*-32799.
2, 13, 29
Let n be (-9)/2*(-44)/33. Let j be (n/(-2))/(39/(-1118)). Let s = -41 + j. What are the prime factors of s?
3, 5
Let i = -78 + 80. Suppose 4*s - 431 + 38 = -5*r, 0 = -i*s + 3*r + 213. What are the prime factors of s?
2, 3, 17
Let f be (-10021)/110 - (-2)/(18 - -2). Let k = f - -587. What are the prime factors of k?
2, 31
Let l be -1 + 3548 - -3 - (-10 - -10). Suppose -4*o = 0, 5*j = -7*o + 4*o + l. List the prime factors of j.
2, 5, 71
Let w be (1/4 - 0) + (-183160)/(-32). Suppose 24*h = 18*h + w. What are the prime factors of h?
2, 3, 53
Suppose -15*m + 3639 = -3231. Suppose -2*c = 2*z - 1216, 757 + m = 2*z + 3*c. List the prime factors of z.
3, 7, 29
Let s be (-1 - -3)*40/4. Suppose 15*t = s*t - 3040. What are the prime factors of t?
2, 19
Let r be (-4 - -2)/(((-18)/(-3))/(-3)). Let t be -3 - r*(-12 - 4). Let y(x) = 13*x - 15. List the prime factors of y(t).
2, 7, 11
Let m = 35 + -61. Let q = -15 - m. Suppose 0 = -u + 96 + q. What are the prime factors of u?
107
List the prime factors of 1/(9/61090) - 30/(-135).
2, 1697
Let y(v) = 470*v + 4083. List the prime factors of y(49).
19, 1427
Let u = -132 + 155. Suppose u*v - 9991 = 635. List the prime factors of v.
2, 3, 7, 11
Suppose -241*n + 243*n - 36604 = 0. List the prime factors of n.
2, 9151
Let w(t) = -t**3 + 24*t**2 - 40*t + 66. What are the prime factors of w(16)?
2, 11, 67
What are the prime factors of (((-315)/(-20))/(-9))/((-65430)/(-16360) - 4)?
7, 409
Let l(w) = -5*w + w**3 + 7 + 5*w + w**2 + 115. List the prime factors of l(0).
2, 61
What are the prime factors of (123/(-369))/(-2*1/1506)?
251
What are the prime factors of 13/52*-4*844/(-2)?
2, 211
Let o = -40 + 52. Let q = 182 + o. What are the prime factors of q?
2, 97
List the prime factors of ((-26286)/(-10))/(666/(-60) + 12)*3.
2, 13, 337
Let s be ((-36)/(-30))/(87/(-90) - -1). Suppose 252 = 2*o - s. What are the prime factors of o?
2, 3
Let g(o) = 381*o - 3. Let i be g(3). Suppose 3*f = -5*m + 52, 3*f + 0 - 2 = 5*m. Suppose i = -f*b + 15*b. What are the prime factors of b?
2, 5, 19
Suppose 5*c + 2*h = 7675, -2*c + 3070 = -0*c + 2*h. Suppose -7*k = -7289 + c. What are the prime factors of k?
2, 3, 137
Let b be (26/4)/(7/28). Suppose 26 = -5*n - 3*x + 72, -5*x - 6 = -2*n. Suppose b = t - n. List the prime factors of t.
2, 17
Let k = -44 - -50. List the prime factors of (-15)/(-10) - (-339)/k.
2, 29
Suppose 2*d + b = d + 1, -d + 4*b + 21 = 0. Suppose d*y + 3 = 8*y. What are the prime factors of (y*29)/((-10)/(-10))?
29
Suppose 3*h + h = 5*t, -2*h = 0. Suppose t*m = -8*m + 8. List the prime factors of (-462)/(-14) + -1*m.
2
Suppose 3741*i = 3724*i + 135405. List the prime factors of i.
